{"id":438,"date":"2022-11-08T13:40:35","date_gmt":"2022-11-08T12:40:35","guid":{"rendered":"https:\/\/www.betons-et-materiaux.lu\/?page_id=438"},"modified":"2023-01-25T17:21:16","modified_gmt":"2023-01-25T16:21:16","slug":"notre-politique-qse","status":"publish","type":"page","link":"https:\/\/www.betons-et-materiaux.lu\/?page_id=438&lang=fr","title":{"rendered":"Notre politique QSE"},"content":{"rendered":"\n<h1>&nbsp;<\/h1>\n\n\n\n<p>Dans un milieu d\u2019activit\u00e9 en constante \u00e9volution avec des d\u00e9fis actuels et \u00e0 venir, nous tenons \u00e0 ma\u00eetriser les changements tout en respectant notre culture d\u2019entreprise.<\/p>\n\n\n<div class=\"wp-block-image\">\n<figure class=\"aligncenter size-large\"><a href=\"https:\/\/www.baatz.lu\/wp-content\/uploads\/2020\/02\/ESCEM-Triple_couleur.png\"><img decoding=\"async\" src=\"https:\/\/www.baatz.lu\/wp-content\/uploads\/2020\/02\/ESCEM-Triple_couleur-300x238.png\" alt=\"\"\/><\/a><\/figure><\/div>\n\n\n<p>Avec l\u2019aide de notre syst\u00e8me de management certifi\u00e9&nbsp;:<strong><\/strong><\/p>\n\n\n\n<p>Nous nous engageons \u00e0 am\u00e9liorer en continu nos objectifs et engagements en collaboration avec les parties int\u00e9ress\u00e9es.<\/p>\n\n\n\n<h2><strong>Objectifs principaux&nbsp;: <\/strong><\/h2>\n\n\n\n<ul>\n<li>Identifier nos points faibles, am\u00e9liorer et revoir r\u00e9guli\u00e8rement notre syst\u00e8me de management.<\/li>\n\n\n\n<li>Satisfaire aux exigences l\u00e9gales et r\u00e9glementaires ainsi que celles des parties int\u00e9ress\u00e9es pr\u00e9sentes dans nos domaines d\u2019activit\u00e9s.<\/li>\n<\/ul>\n\n\n\n<h2><strong>Qualit\u00e9 :<\/strong><\/h2>\n\n\n\n<ul>\n<li>Nous nous engageons \u00e0 prendre les mesures n\u00e9cessaires pour mesurer et am\u00e9liorer la satisfaction de nos clients.<\/li>\n\n\n\n<li>Dans la bienveillance, nous veillerons \u00e0 am\u00e9liorer la performance des diff\u00e9rents services et v\u00e9rifier leur efficacit\u00e9.<\/li>\n<\/ul>\n\n\n\n<h2><strong>Environnement et RSE :<\/strong><\/h2>\n\n\n\n<ul>\n<li>Dans une d\u00e9marche de pr\u00e9vention de la pollution, la prise en compte de l\u2019impact environnemental de nos activit\u00e9s est au centre de nos pr\u00e9occupations. Nous avons d\u00e9cid\u00e9 de baisser cet impact de diverses mani\u00e8res&nbsp;: tri et r\u00e9duction de la production de d\u00e9chets&nbsp;; investissement dans des machines plus respectueuses de l\u2019environnement, am\u00e9lioration du suivi des entretiens et gestion des accidents environnementaux.<\/li>\n\n\n\n<li>Nous veillons \u00e0 identifier et limiter nos impacts environnementaux en collaboration avec les parties int\u00e9ress\u00e9es.<\/li>\n\n\n\n<li>Dans un esprit de coh\u00e9sion de groupe, nous mettons les moyens en place pour adapter notre syst\u00e8me manag\u00e9rial dans un contexte multiculturel.<\/li>\n<\/ul>\n\n\n\n<p>&nbsp;<\/p>\n\n\n\n<h2><strong>S\u00e9curit\u00e9 et Sant\u00e9 :<\/strong><\/h2>\n\n\n\n<ul>\n<li>Avec l\u2019objectif \u00ab&nbsp;Z\u00e9ro accident&nbsp;\u00bb, nous nous engageons \u00e0 fournir un cadre de travail sain et s\u00e9curis\u00e9 sur nos chantiers ainsi que nos bureaux.<\/li>\n\n\n\n<li>Nous tenons \u00e0 d\u00e9velopper une culture s\u00e9curit\u00e9 d\u2019une mani\u00e8re continue et efficace via une responsabilit\u00e9 partag\u00e9e, de nombreuses formations et la sensibilisation de nos collaborateurs.<\/li>\n<\/ul>\n\n\n\n<p>&nbsp;<\/p>\n\n\n\n<p>Nous encourageons la participation des travailleurs en les consultants r\u00e9guli\u00e8rement par la proximit\u00e9 de nos encadrants sur les chantiers dans le but d\u2019am\u00e9liorer notre syst\u00e8me en place. Nous apporterons notre soutien afin que les missions soient r\u00e9alis\u00e9es avec succ\u00e8s.<\/p>\n\n\n\n<p><em>Le 4 novembre 2022 <\/em><\/p>\n","protected":false},"excerpt":{"rendered":"<p>&nbsp; Dans un milieu d\u2019activit\u00e9 en constante \u00e9volution avec des d\u00e9fis actuels et \u00e0 venir, nous tenons \u00e0 ma\u00eetriser les changements tout en respectant notre culture d\u2019entreprise. Avec l\u2019aide de notre syst\u00e8me de management certifi\u00e9&nbsp;: Nous nous engageons \u00e0 am\u00e9liorer en continu nos objectifs et engagements en collaboration avec les parties int\u00e9ress\u00e9es. Objectifs principaux&nbsp;: Qualit\u00e9 [&hellip;]<\/p>\n","protected":false},"author":3,"featured_media":0,"parent":0,"menu_order":0,"comment_status":"closed","ping_status":"closed","template":"","meta":[],"_links":{"self":[{"href":"https:\/\/www.betons-et-materiaux.lu\/index.php?rest_route=\/wp\/v2\/pages\/438"}],"collection":[{"href":"https:\/\/www.betons-et-materiaux.lu\/index.php?rest_route=\/wp\/v2\/pages"}],"about":[{"href":"https:\/\/www.betons-et-materiaux.lu\/index.php?rest_route=\/wp\/v2\/types\/page"}],"author":[{"embeddable":true,"href":"https:\/\/www.betons-et-materiaux.lu\/index.php?rest_route=\/wp\/v2\/users\/3"}],"replies":[{"embeddable":true,"href":"https:\/\/www.betons-et-materiaux.lu\/index.php?rest_route=%2Fwp%2Fv2%2Fcomments&post=438"}],"version-history":[{"count":4,"href":"https:\/\/www.betons-et-materiaux.lu\/index.php?rest_route=\/wp\/v2\/pages\/438\/revisions"}],"predecessor-version":[{"id":461,"href":"https:\/\/www.betons-et-materiaux.lu\/index.php?rest_route=\/wp\/v2\/pages\/438\/revisions\/461"}],"wp:attachment":[{"href":"https:\/\/www.betons-et-materiaux.lu\/index.php?rest_route=%2Fwp%2Fv2%2Fmedia&parent=438"}],"curies":[{"name":"wp","href":"https:\/\/api.w.org\/{rel}","templated":true}]}}