{"id":67,"date":"2015-02-26T18:17:46","date_gmt":"2015-02-26T17:17:46","guid":{"rendered":"http:\/\/www.betons-et-materiaux.lu\/?page_id=67"},"modified":"2015-11-24T17:13:22","modified_gmt":"2015-11-24T16:13:22","slug":"notre-histoire","status":"publish","type":"page","link":"https:\/\/www.betons-et-materiaux.lu\/?page_id=67&lang=fr","title":{"rendered":"Notre histoire"},"content":{"rendered":"<style type=\"text\/css\"><!--\nP { margin-bottom: 0.21cm; }\n--><\/style>\n<p align=\"JUSTIFY\">B\u00e9tons et Mat\u00e9riaux a \u00e9t\u00e9 fond\u00e9e en 2000, par la famille BAATZ et fait de ce fait partie du groupe BAATZ. Fort de 71 employ\u00e9s en 2013, notre activit\u00e9 continue de se diversifier. Devenu un acteur incontournable du march\u00e9 du b\u00e9ton pr\u00e9par\u00e9 et des fournitures de mat\u00e9riaux de carri\u00e8re et recycl\u00e9s agr\u00e9\u00e9s, l\u2019entreprise poss\u00e8de trois centrales \u00e0 b\u00e9tons sur le territoire Luxembourgeois.<\/p>\n<p align=\"JUSTIFY\">Nous disposons \u00e0 ce jour de\u00a05 silos de 120 tonnes et 3 silos de 90 tonnes sur le site de Findel, et de 4 silos de 90 tonnes \u00e0 Roost, ce qui nous permet de vous livrer du b\u00e9ton frais et de qualit\u00e9 quelque soit la quantit\u00e9 sur l\u2019ensemble du territoire. A cette capacit\u00e9 de stockage s\u2019ajoutent d\u2019importants moyens logistiques concernant le stockage de nos agr\u00e9gats et additifs.<\/p>\n<p align=\"JUSTIFY\">Nos centrales sont bas\u00e9es \u00e0 Findel et \u00e0 Roost, et nous disposons de bureaux\u00a0\u00e0 Senningerberg.<\/p>\n\n\t\t<style type=\"text\/css\">\n\t\t\t#gallery-1 {\n\t\t\t\tmargin: auto;\n\t\t\t}\n\t\t\t#gallery-1 .gallery-item {\n\t\t\t\tfloat: left;\n\t\t\t\tmargin-top: 10px;\n\t\t\t\ttext-align: center;\n\t\t\t\twidth: 50%;\n\t\t\t}\n\t\t\t#gallery-1 img {\n\t\t\t\tborder: 2px solid #cfcfcf;\n\t\t\t}\n\t\t\t#gallery-1 .gallery-caption {\n\t\t\t\tmargin-left: 0;\n\t\t\t}\n\t\t\t\/* see gallery_shortcode() in wp-includes\/media.php *\/\n\t\t<\/style>\n\t\t<div id='gallery-1' class='gallery galleryid-67 gallery-columns-2 gallery-size-thumbnail'><dl class='gallery-item'>\n\t\t\t<dt class='gallery-icon landscape'>\n\t\t\t\t<a href='https:\/\/www.betons-et-materiaux.lu\/?attachment_id=65&#038;lang=fr'><img width=\"150\" height=\"150\" src=\"https:\/\/www.betons-et-materiaux.lu\/wp-content\/uploads\/2015\/01\/Vue-ensemble-Findel-150x150.jpg\" class=\"attachment-thumbnail size-thumbnail\" alt=\"\" decoding=\"async\" loading=\"lazy\" srcset=\"https:\/\/www.betons-et-materiaux.lu\/wp-content\/uploads\/2015\/01\/Vue-ensemble-Findel-150x150.jpg 150w, https:\/\/www.betons-et-materiaux.lu\/wp-content\/uploads\/2015\/01\/Vue-ensemble-Findel-60x60.jpg 60w, https:\/\/www.betons-et-materiaux.lu\/wp-content\/uploads\/2015\/01\/Vue-ensemble-Findel-50x50.jpg 50w, https:\/\/www.betons-et-materiaux.lu\/wp-content\/uploads\/2015\/01\/Vue-ensemble-Findel-100x100.jpg 100w\" sizes=\"(max-width: 150px) 100vw, 150px\" \/><\/a>\n\t\t\t<\/dt><\/dl><dl class='gallery-item'>\n\t\t\t<dt class='gallery-icon landscape'>\n\t\t\t\t<a href='https:\/\/www.betons-et-materiaux.lu\/?attachment_id=64&#038;lang=fr'><img width=\"150\" height=\"150\" src=\"https:\/\/www.betons-et-materiaux.lu\/wp-content\/uploads\/2015\/01\/Entr\u00e9e-Findel-150x150.jpg\" class=\"attachment-thumbnail size-thumbnail\" alt=\"\" decoding=\"async\" loading=\"lazy\" srcset=\"https:\/\/www.betons-et-materiaux.lu\/wp-content\/uploads\/2015\/01\/Entr\u00e9e-Findel-150x150.jpg 150w, https:\/\/www.betons-et-materiaux.lu\/wp-content\/uploads\/2015\/01\/Entr\u00e9e-Findel-60x60.jpg 60w, https:\/\/www.betons-et-materiaux.lu\/wp-content\/uploads\/2015\/01\/Entr\u00e9e-Findel-50x50.jpg 50w, https:\/\/www.betons-et-materiaux.lu\/wp-content\/uploads\/2015\/01\/Entr\u00e9e-Findel-100x100.jpg 100w\" sizes=\"(max-width: 150px) 100vw, 150px\" \/><\/a>\n\t\t\t<\/dt><\/dl><br style=\"clear: both\" \/>\n\t\t<\/div>\n\n","protected":false},"excerpt":{"rendered":"<p>B\u00e9tons et Mat\u00e9riaux a \u00e9t\u00e9 fond\u00e9e en 2000, par la famille BAATZ et fait de ce fait partie du groupe BAATZ. Fort de 71 employ\u00e9s en 2013, notre activit\u00e9 continue de se diversifier. Devenu un acteur incontournable du march\u00e9 du b\u00e9ton pr\u00e9par\u00e9 et des fournitures de mat\u00e9riaux de carri\u00e8re et recycl\u00e9s agr\u00e9\u00e9s, l\u2019entreprise poss\u00e8de trois [&hellip;]<\/p>\n","protected":false},"author":1,"featured_media":0,"parent":69,"menu_order":0,"comment_status":"closed","ping_status":"closed","template":"","meta":[],"_links":{"self":[{"href":"https:\/\/www.betons-et-materiaux.lu\/index.php?rest_route=\/wp\/v2\/pages\/67"}],"collection":[{"href":"https:\/\/www.betons-et-materiaux.lu\/index.php?rest_route=\/wp\/v2\/pages"}],"about":[{"href":"https:\/\/www.betons-et-materiaux.lu\/index.php?rest_route=\/wp\/v2\/types\/page"}],"author":[{"embeddable":true,"href":"https:\/\/www.betons-et-materiaux.lu\/index.php?rest_route=\/wp\/v2\/users\/1"}],"replies":[{"embeddable":true,"href":"https:\/\/www.betons-et-materiaux.lu\/index.php?rest_route=%2Fwp%2Fv2%2Fcomments&post=67"}],"version-history":[{"count":4,"href":"https:\/\/www.betons-et-materiaux.lu\/index.php?rest_route=\/wp\/v2\/pages\/67\/revisions"}],"predecessor-version":[{"id":348,"href":"https:\/\/www.betons-et-materiaux.lu\/index.php?rest_route=\/wp\/v2\/pages\/67\/revisions\/348"}],"up":[{"embeddable":true,"href":"https:\/\/www.betons-et-materiaux.lu\/index.php?rest_route=\/wp\/v2\/pages\/69"}],"wp:attachment":[{"href":"https:\/\/www.betons-et-materiaux.lu\/index.php?rest_route=%2Fwp%2Fv2%2Fmedia&parent=67"}],"curies":[{"name":"wp","href":"https:\/\/api.w.org\/{rel}","templated":true}]}}

<style type="text/css"><!--
P { margin-bottom: 0.21cm; }
--></style>
<p align="JUSTIFY">Bétons et Matériaux a été fondée en 2000, par la famille BAATZ et fait de ce fait partie du groupe BAATZ. Fort de 71 employés en 2013, notre activité continue de se diversifier. Devenu un acteur incontournable du marché du béton préparé et des fournitures de matériaux de carrière et recyclés agréés, l’entreprise possède trois centrales à bétons sur le territoire Luxembourgeois.</p>
<p align="JUSTIFY">Nous disposons à ce jour de 5 silos de 120 tonnes et 3 silos de 90 tonnes sur le site de Findel, et de 4 silos de 90 tonnes à Roost, ce qui nous permet de vous livrer du béton frais et de qualité quelque soit la quantité sur l’ensemble du territoire. A cette capacité de stockage s’ajoutent d’importants moyens logistiques concernant le stockage de nos agrégats et additifs.</p>
<p align="JUSTIFY">Nos centrales sont basées à Findel et à Roost, et nous disposons de bureaux à Senningerberg.</p>

		<style type="text/css">
			#gallery-1 {
				margin: auto;
			}
			#gallery-1 .gallery-item {
				float: left;
				margin-top: 10px;
				text-align: center;
				width: 50%;
			}
			#gallery-1 img {
				border: 2px solid #cfcfcf;
			}
			#gallery-1 .gallery-caption {
				margin-left: 0;
			}
			/* see gallery_shortcode() in wp-includes/media.php */
		</style>
		<div id='gallery-1' class='gallery galleryid-67 gallery-columns-2 gallery-size-thumbnail'><dl class='gallery-item'>
			<dt class='gallery-icon landscape'>
				<a href='https://www.betons-et-materiaux.lu/?attachment_id=65&#038;lang=fr'><img width="150" height="150" src="https://www.betons-et-materiaux.lu/wp-content/uploads/2015/01/Vue-ensemble-Findel-150x150.jpg" class="attachment-thumbnail size-thumbnail" alt="" decoding="async" loading="lazy" srcset="https://www.betons-et-materiaux.lu/wp-content/uploads/2015/01/Vue-ensemble-Findel-150x150.jpg 150w, https://www.betons-et-materiaux.lu/wp-content/uploads/2015/01/Vue-ensemble-Findel-60x60.jpg 60w, https://www.betons-et-materiaux.lu/wp-content/uploads/2015/01/Vue-ensemble-Findel-50x50.jpg 50w, https://www.betons-et-materiaux.lu/wp-content/uploads/2015/01/Vue-ensemble-Findel-100x100.jpg 100w" sizes="(max-width: 150px) 100vw, 150px" /></a>
			</dt></dl><dl class='gallery-item'>
			<dt class='gallery-icon landscape'>
				<a href='https://www.betons-et-materiaux.lu/?attachment_id=64&#038;lang=fr'><img width="150" height="150" src="https://www.betons-et-materiaux.lu/wp-content/uploads/2015/01/Entrée-Findel-150x150.jpg" class="attachment-thumbnail size-thumbnail" alt="" decoding="async" loading="lazy" srcset="https://www.betons-et-materiaux.lu/wp-content/uploads/2015/01/Entrée-Findel-150x150.jpg 150w, https://www.betons-et-materiaux.lu/wp-content/uploads/2015/01/Entrée-Findel-60x60.jpg 60w, https://www.betons-et-materiaux.lu/wp-content/uploads/2015/01/Entrée-Findel-50x50.jpg 50w, https://www.betons-et-materiaux.lu/wp-content/uploads/2015/01/Entrée-Findel-100x100.jpg 100w" sizes="(max-width: 150px) 100vw, 150px" /></a>
			</dt></dl><br style="clear: both" />
		</div>

<p>Bétons et Matériaux a été fondée en 2000, par la famille BAATZ et fait de ce fait partie du groupe BAATZ. Fort de 71 employés en 2013, notre activité continue de se diversifier. Devenu un acteur incontournable du marché du béton préparé et des fournitures de matériaux de carrière et recyclés agréés, l’entreprise possède trois [&hellip;]</p>
