{"id":79,"date":"2015-02-26T18:25:10","date_gmt":"2015-02-26T17:25:10","guid":{"rendered":"http:\/\/www.betons-et-materiaux.lu\/?page_id=79"},"modified":"2015-05-18T08:56:32","modified_gmt":"2015-05-18T07:56:32","slug":"betons-prets-a-lemploi","status":"publish","type":"page","link":"https:\/\/www.betons-et-materiaux.lu\/?page_id=79&lang=fr","title":{"rendered":"B\u00e9tons pr\u00eats \u00e0 l\u2019emploi"},"content":{"rendered":"<p>&nbsp;<\/p>\n<style type=\"text\/css\"><!--\nP { margin-bottom: 0.21cm; }\n--><\/style>\n<p>&nbsp;<\/p>\n<h3 style=\"text-align: center;\"><a title=\"B\u00e9tons courants\" href=\"https:\/\/www.betons-et-materiaux.lu\/?page_id=181\">B\u00e9tons courants<\/a>\u00a0\u00a0\u00a0\u00a0\u00a0\u00a0 \u00a0&amp;\u00a0\u00a0\u00a0\u00a0\u00a0\u00a0\u00a0 <a title=\"B\u00e9tons sp\u00e9ciaux\" href=\"https:\/\/www.betons-et-materiaux.lu\/?page_id=183\">B\u00e9tons sp\u00e9ciaux <\/a><\/h3>\n<p>&nbsp;<\/p>\n<p>Explication de la formule\u00a0de qualit\u00e9:<\/p>\n<p>Les deux chiffres pr\u00e9sents dans l\u2019intitul\u00e9 du type de b\u00e9ton correspondent \u00e0 la r\u00e9sistance constat\u00e9e durant deux types de tests. Le premier correspond \u00e0 la r\u00e9sistance m\u00e9canique constat\u00e9e en compression sur cylindre. Le second correspond \u00e0 ce m\u00eame test sur cube.<\/p>\n<p>Exemple\u00a0:<\/p>\n<style type=\"text\/css\"><!--\nP { margin-bottom: 0.21cm; }\n--><\/style>\n<p style=\"text-align: center;\"><strong><span style=\"font-size: xx-large;\">C 50\/60<\/span><\/strong><\/p>\n<p style=\"padding-left: 60px;\"><strong>Resistance m\u00e9canique compression cylindre \/ R\u00e9sistance m\u00e9canique compression cube<\/strong><\/p>\n\n\t\t<style type=\"text\/css\">\n\t\t\t#gallery-1 {\n\t\t\t\tmargin: auto;\n\t\t\t}\n\t\t\t#gallery-1 .gallery-item {\n\t\t\t\tfloat: left;\n\t\t\t\tmargin-top: 10px;\n\t\t\t\ttext-align: center;\n\t\t\t\twidth: 33%;\n\t\t\t}\n\t\t\t#gallery-1 img {\n\t\t\t\tborder: 2px solid #cfcfcf;\n\t\t\t}\n\t\t\t#gallery-1 .gallery-caption {\n\t\t\t\tmargin-left: 0;\n\t\t\t}\n\t\t\t\/* see gallery_shortcode() in wp-includes\/media.php *\/\n\t\t<\/style>\n\t\t<div id='gallery-1' class='gallery galleryid-79 gallery-columns-3 gallery-size-thumbnail'><dl class='gallery-item'>\n\t\t\t<dt class='gallery-icon portrait'>\n\t\t\t\t<a href='https:\/\/www.betons-et-materiaux.lu\/?attachment_id=52&#038;lang=fr'><img width=\"150\" height=\"150\" src=\"https:\/\/www.betons-et-materiaux.lu\/wp-content\/uploads\/2015\/01\/Pompe-b\u00e9ton-2--150x150.jpg\" class=\"attachment-thumbnail size-thumbnail\" alt=\"\" decoding=\"async\" loading=\"lazy\" srcset=\"https:\/\/www.betons-et-materiaux.lu\/wp-content\/uploads\/2015\/01\/Pompe-b\u00e9ton-2--150x150.jpg 150w, https:\/\/www.betons-et-materiaux.lu\/wp-content\/uploads\/2015\/01\/Pompe-b\u00e9ton-2--60x60.jpg 60w, https:\/\/www.betons-et-materiaux.lu\/wp-content\/uploads\/2015\/01\/Pompe-b\u00e9ton-2--50x50.jpg 50w, https:\/\/www.betons-et-materiaux.lu\/wp-content\/uploads\/2015\/01\/Pompe-b\u00e9ton-2--100x100.jpg 100w\" sizes=\"(max-width: 150px) 100vw, 150px\" \/><\/a>\n\t\t\t<\/dt><\/dl><dl class='gallery-item'>\n\t\t\t<dt class='gallery-icon portrait'>\n\t\t\t\t<a href='https:\/\/www.betons-et-materiaux.lu\/?attachment_id=53&#038;lang=fr'><img width=\"150\" height=\"150\" src=\"https:\/\/www.betons-et-materiaux.lu\/wp-content\/uploads\/2015\/01\/R\u00e9alisation-b\u00e9ton-150x150.jpg\" class=\"attachment-thumbnail size-thumbnail\" alt=\"\" decoding=\"async\" loading=\"lazy\" srcset=\"https:\/\/www.betons-et-materiaux.lu\/wp-content\/uploads\/2015\/01\/R\u00e9alisation-b\u00e9ton-150x150.jpg 150w, https:\/\/www.betons-et-materiaux.lu\/wp-content\/uploads\/2015\/01\/R\u00e9alisation-b\u00e9ton-60x60.jpg 60w, https:\/\/www.betons-et-materiaux.lu\/wp-content\/uploads\/2015\/01\/R\u00e9alisation-b\u00e9ton-50x50.jpg 50w, https:\/\/www.betons-et-materiaux.lu\/wp-content\/uploads\/2015\/01\/R\u00e9alisation-b\u00e9ton-100x100.jpg 100w\" sizes=\"(max-width: 150px) 100vw, 150px\" \/><\/a>\n\t\t\t<\/dt><\/dl><dl class='gallery-item'>\n\t\t\t<dt class='gallery-icon landscape'>\n\t\t\t\t<a href='https:\/\/www.betons-et-materiaux.lu\/?attachment_id=51'><img width=\"150\" height=\"150\" src=\"https:\/\/www.betons-et-materiaux.lu\/wp-content\/uploads\/2015\/01\/Pompe-b\u00e9ton-1-150x150.jpg\" class=\"attachment-thumbnail size-thumbnail\" alt=\"\" decoding=\"async\" loading=\"lazy\" srcset=\"https:\/\/www.betons-et-materiaux.lu\/wp-content\/uploads\/2015\/01\/Pompe-b\u00e9ton-1-150x150.jpg 150w, https:\/\/www.betons-et-materiaux.lu\/wp-content\/uploads\/2015\/01\/Pompe-b\u00e9ton-1-60x60.jpg 60w, https:\/\/www.betons-et-materiaux.lu\/wp-content\/uploads\/2015\/01\/Pompe-b\u00e9ton-1-50x50.jpg 50w, https:\/\/www.betons-et-materiaux.lu\/wp-content\/uploads\/2015\/01\/Pompe-b\u00e9ton-1-100x100.jpg 100w\" sizes=\"(max-width: 150px) 100vw, 150px\" \/><\/a>\n\t\t\t<\/dt><\/dl><br style=\"clear: both\" \/>\n\t\t<\/div>\n\n","protected":false},"excerpt":{"rendered":"<p>&nbsp; &nbsp; B\u00e9tons courants\u00a0\u00a0\u00a0\u00a0\u00a0\u00a0 \u00a0&amp;\u00a0\u00a0\u00a0\u00a0\u00a0\u00a0\u00a0 B\u00e9tons sp\u00e9ciaux &nbsp; Explication de la formule\u00a0de qualit\u00e9: Les deux chiffres pr\u00e9sents dans l\u2019intitul\u00e9 du type de b\u00e9ton correspondent \u00e0 la r\u00e9sistance constat\u00e9e durant deux types de tests. Le premier correspond \u00e0 la r\u00e9sistance m\u00e9canique constat\u00e9e en compression sur cylindre. Le second correspond \u00e0 ce m\u00eame test sur cube. Exemple\u00a0: [&hellip;]<\/p>\n","protected":false},"author":1,"featured_media":0,"parent":73,"menu_order":0,"comment_status":"closed","ping_status":"closed","template":"","meta":[],"_links":{"self":[{"href":"https:\/\/www.betons-et-materiaux.lu\/index.php?rest_route=\/wp\/v2\/pages\/79"}],"collection":[{"href":"https:\/\/www.betons-et-materiaux.lu\/index.php?rest_route=\/wp\/v2\/pages"}],"about":[{"href":"https:\/\/www.betons-et-materiaux.lu\/index.php?rest_route=\/wp\/v2\/types\/page"}],"author":[{"embeddable":true,"href":"https:\/\/www.betons-et-materiaux.lu\/index.php?rest_route=\/wp\/v2\/users\/1"}],"replies":[{"embeddable":true,"href":"https:\/\/www.betons-et-materiaux.lu\/index.php?rest_route=%2Fwp%2Fv2%2Fcomments&post=79"}],"version-history":[{"count":12,"href":"https:\/\/www.betons-et-materiaux.lu\/index.php?rest_route=\/wp\/v2\/pages\/79\/revisions"}],"predecessor-version":[{"id":333,"href":"https:\/\/www.betons-et-materiaux.lu\/index.php?rest_route=\/wp\/v2\/pages\/79\/revisions\/333"}],"up":[{"embeddable":true,"href":"https:\/\/www.betons-et-materiaux.lu\/index.php?rest_route=\/wp\/v2\/pages\/73"}],"wp:attachment":[{"href":"https:\/\/www.betons-et-materiaux.lu\/index.php?rest_route=%2Fwp%2Fv2%2Fmedia&parent=79"}],"curies":[{"name":"wp","href":"https:\/\/api.w.org\/{rel}","templated":true}]}}